{"id":149,"date":"2012-01-09T12:25:41","date_gmt":"2012-01-09T12:25:41","guid":{"rendered":"http:\/\/milcke.org\/?page_id=149"},"modified":"2020-04-01T02:38:11","modified_gmt":"2020-04-01T00:38:11","slug":"portfolio","status":"publish","type":"page","link":"https:\/\/landmesser.me\/?page_id=149","title":{"rendered":"Portfolio"},"content":{"rendered":"\n<p>Hier gibt es eine \u00dcbersicht \u00fcber die Dinge, die ich bisher so gemacht habe. Nat\u00fcrlich ist das nicht alles, aber zumindest das was ich hier f\u00fcr erw\u00e4hnenswert halte. Es gibt die folgenden Kategorien:<\/p>\n\n\n\n<dl>\n<dt><a title=\"Web-Projekte\" href=\"http:\/\/landmesser.me\/?page_id=17\">Web-Projekte<\/a><\/dt>\n<dd>Einrichtung von Webseiten. Dazu geh\u00f6rt das Design und die Umsetzung mittels eines CMS. Bisher habe ich alle Projekte mit <a title=\"WordPress\" href=\"http:\/\/wordpress.org\" target=\"_blank\" rel=\"noopener noreferrer\">WordPress<\/a> realisiert.<\/dd>\n<dt><a title=\"iOS Entwicklung\" href=\"http:\/\/landmesser.me\/?page_id=155\">iOS Entwicklung<\/a><\/dt>\n<dd>Entwicklung von Applikationen (Apps) f\u00fcr das iPhone und iPad von Apple.<\/dd>\n<dt><a title=\"Java Entwicklung\" href=\"http:\/\/landmesser.me\/?page_id=681\">Java Entwicklung<\/a><\/dt>\n<dd>Entwicklungen von Java Bibliotheken und Applikationen.<\/dd>\n<\/dl>\n<p><\/p>\n\n\n\n<div class=\"wp-block-image\"><figure class=\"alignleft\"><img loading=\"lazy\" decoding=\"async\" width=\"32\" height=\"32\" src=\"http:\/\/landmesser.me\/wp-content\/uploads\/2012\/01\/ooo.png\" alt=\"\" class=\"wp-image-181\"\/><\/figure><\/div>\n\n\n\n<p>Ein Projekt, das nicht ganz unerw\u00e4hnt bleiben sollte ist <a title=\"OpenOffice.org\" href=\"http:\/\/www.openoffice.org\" target=\"_blank\" rel=\"noopener noreferrer\">OpenOffice.org<\/a>, an dessen Entwicklung ich immerhin fast zehn Jahre als Angestellter der Firma StarDivision, sp\u00e4ter Sun Microsystems Inc., zuletzt Oracle mit gewirkt habe.<\/p>\n\n\n\n<p>Das Charting-Modul von OpenOffice habe ich anfangs weiter entwickelt. Nachdem sich die Wartung aber als \u00e4u\u00dferst schwierig herausstellte, habe ich schlie\u00dflich das Modul zusammen mit einer Kollegin komplett neu entwickelt. Das hat sich auch gelohnt. Allerdings haben wir uns sehr lange mit dem Erreichen einer m\u00f6glichst gro\u00dfen Kompatibilit\u00e4t zur Vorg\u00e4ngerversion besch\u00e4ftigt. Besonders das Abbilden der alten UNO API war m\u00fchsam, und man fragt sich ob n\u00f6tig. Denn auch der schlechte Zustand der API war mit ein Grund der Neuentwicklung.<\/p>\n\n\n\n<p>Schade, dass das Projekt nun nicht mehr von Oracle unterst\u00fctzt wird. Hoffentlich wird die Weiterentwicklung nicht v\u00f6llig zum Stillstand gekommen sein.<\/p>\n","protected":false},"excerpt":{"rendered":"<p>Hier gibt es eine \u00dcbersicht \u00fcber die Dinge, die ich bisher so gemacht habe. Nat\u00fcrlich ist das nicht alles, aber zumindest das was ich hier f\u00fcr erw\u00e4hnenswert halte. Es gibt die folgenden Kategorien: Web-Projekte Einrichtung von Webseiten. Dazu geh\u00f6rt das &hellip; <a href=\"https:\/\/landmesser.me\/?page_id=149\">Weiterlesen <span class=\"meta-nav\">&rarr;<\/span><\/a><\/p>\n","protected":false},"author":1,"featured_media":190,"parent":0,"menu_order":10,"comment_status":"closed","ping_status":"closed","template":"","meta":{"ngg_post_thumbnail":0,"footnotes":""},"class_list":["post-149","page","type-page","status-publish","has-post-thumbnail","hentry"],"_links":{"self":[{"href":"https:\/\/landmesser.me\/index.php?rest_route=\/wp\/v2\/pages\/149","targetHints":{"allow":["GET"]}}],"collection":[{"href":"https:\/\/landmesser.me\/index.php?rest_route=\/wp\/v2\/pages"}],"about":[{"href":"https:\/\/landmesser.me\/index.php?rest_route=\/wp\/v2\/types\/page"}],"author":[{"embeddable":true,"href":"https:\/\/landmesser.me\/index.php?rest_route=\/wp\/v2\/users\/1"}],"replies":[{"embeddable":true,"href":"https:\/\/landmesser.me\/index.php?rest_route=%2Fwp%2Fv2%2Fcomments&post=149"}],"version-history":[{"count":3,"href":"https:\/\/landmesser.me\/index.php?rest_route=\/wp\/v2\/pages\/149\/revisions"}],"predecessor-version":[{"id":701,"href":"https:\/\/landmesser.me\/index.php?rest_route=\/wp\/v2\/pages\/149\/revisions\/701"}],"wp:featuredmedia":[{"embeddable":true,"href":"https:\/\/landmesser.me\/index.php?rest_route=\/wp\/v2\/media\/190"}],"wp:attachment":[{"href":"https:\/\/landmesser.me\/index.php?rest_route=%2Fwp%2Fv2%2Fmedia&parent=149"}],"curies":[{"name":"wp","href":"https:\/\/api.w.org\/{rel}","templated":true}]}}